- 7 = -4*f. What is the tens digit of b(f)?
8
Let d be (4 - 7)*1 + 463 + 0. Let h = -89 + d. Let p = -245 + h. What is the hundreds digit of p?
1
Let l(z) = -565*z - 20. Let d(n) = 113*n + 4. Let k = -71 + 60. Let y(q) = k*d(q) - 2*l(q). What is the tens digit of y(-2)?
2
Let w(j) = -78*j - 12 - j**2 - 2*j**3 + 36*j**2 + 97*j + j**3. What is the tens digit of w(35)?
5
Let o be 3/5 + (-50)/(-125). Let a(x) = 542*x**2 + 15*x - 14. What is the hundreds digit of a(o)?
5
Suppose -5*b - 4*z - 2840 = 0, 16 = -5*z - 9. Let r = b - -1124. What is the hundreds digit of r?
5
Suppose -3*k - 310 = -f, 0 = 4*f - k + 5*k - 1192. Suppose -1073 - f = -2*u. What is the hundreds digit of u?
6
Suppose -3*x + 5*a = -74, 0 = 3*x + 2*x + 4*a - 185. Suppose 0 = 4*v - 1 + x. What is the tens digit of ((-924)/8 - 0)/(6/v)?
5
Let y = 11072 + -4281. What is the units digit of y?
1
Let x = -284 + 399. What is the hundreds digit of x/4*(-5 - -17)?
3
Suppose -4*f - 5 = 3*s - 166, -3*s = 3. Suppose -528 = 39*k - f*k. What is the tens digit of k?
6
Suppose 98226 = 4*m + 58*v - 60*v, m + 5*v = 24551. What is the ten thousands digit of m?
2
Suppose 235 + 2 = o. Let z = o - 145. What is the units digit of z?
2
Suppose u - 25 = -4*u. Suppose u*l + 2*f = 1625, -13*f = 5*l - 8*f - 1610. What is the tens digit of l?
2
Let x = 5966 + -2282. What is the units digit of x?
4
Let v = -826 - -1844. What is the tens digit of v?
1
Suppose 3*g - 15*g = g - 157118. What is the ten thousands digit of g?
1
Let t = -837 + 891. Suppose 47*w + 4788 = t*w. What is the units digit of w?
4
What is the thousands digit of -4 + -80*315/(-30)*(-696)/(-70)?
8
Let d = -23815 + 33539. What is the hundreds digit of d?
7
Suppose -2*r + t + 3760 = 993, -t = 5*r - 6921. What is the tens digit of r?
8
Let f(q) = 4*q**3 + 24*q**2 - q - 4. Let y be f(-6). Suppose -n + 43 = -2*j, 2*n + y*j - 59 = 45. What is the tens digit of n?
4
Let v(s) = 45*s**2 - 15*s + 32. Let w be v(17). Suppose -w = -29*m + 32719. What is the thousands digit of m?
1
Let s(p) = 81*p + 25. Let l be s(-2). Let k = -137 - l. What is the units digit of 21/(3/36 - k)?
2
Let y be 4/10 - (-612)/20. Let c = -34 + y. Let h(w) = -2*w**3 + 2*w**2 + 4*w - 1. What is the units digit of h(c)?
9
Let s(j) = 116*j + 32. Let i be (-5 + -31)/(-6) + -2. What is the units digit of s(i)?
6
What is the tens digit of -23 + (8 - -10944) + 8 + 0?
3
Let r be (9*1)/((-3)/273*-7). Let c = r - 111. What is the units digit of c?
6
Let p = 2036 - 1839. Let a(z) = 5*z**3 + 4*z**2 + z - 3. Let g be a(-3). Let c = p + g. What is the units digit of c?
2
Suppose 0*c - 12 = -4*c. Suppose i = 3*h - 4, -10 - 10 = 5*i - c*h. Let g(p) = -6*p - 8. What is the units digit of g(i)?
6
Let k be (4 + 104/(-3))*492/8. Let p = -1067 - k. What is the hundreds digit of p?
8
Let d(v) = 19 + v**3 + 8*v**2 - 13 - 13*v**2 - 9*v. What is the tens digit of d(11)?
3
Let j = -9525 + 33581. What is the tens digit of j?
5
Let g(v) = -329*v**2 + 2*v + 2. Let t be g(-1). Let h = t - -815. What is the units digit of h?
6
Suppose -f + y = -4, 3*f = -3*y - 16 + 4. Suppose 2*g - 1280 = -2*s, -s = -f*g + 4*g - 628. What is the tens digit of s?
4
Let z(v) = 3*v**2 - 2*v - 2. Let i be z(-1). Let g(x) be the first derivative of 29*x**2 + 28*x - 13. What is the tens digit of g(i)?
0
Let y(h) = -h**2 - 3*h - 4. Let j(w) = -w**2 - 1. Let b(f) = f**3 - 3*f**2 - 3*f - 6. Let v be b(4). Let g(a) = v*j(a) + y(a). What is the units digit of g(6)?
6
Let t = 480 + -398. Suppose -85*u = -t*u - 4086. What is the hundreds digit of u?
3
Let d = 59 - 106. Let o = 150 - d. Suppose 19 = -l + o. What is the units digit of l?
8
Let c be 2*2 + (-2 + 6)*-1. Suppose -251*s + 254*s - 666 = c. What is the tens digit of s?
2
Let l = 98 - 92. Let t(u) = -u + 115 - 55 - 57 + l*u. What is the tens digit of t(10)?
5
Let z(v) = 420*v**2 - 4*v + 11. Let q be z(2). Let c = q + -1053. What is the tens digit of c?
3
Let p be 740*(-2)/(-72) + 8/18. Suppose -18*z = p*z - 42237. What is the hundreds digit of z?
0
Let c(q) be the first derivative of -q**3/3 - 7*q**2/2 - 5*q - 9. Let g be c(-4). Let s = g - -18. What is the units digit of s?
5
Let t = -11 + 114. Let n(r) = 15*r - 18. Let h be n(12). Let s = h - t. What is the units digit of s?
9
Let b = 26 - -226. Let g = b + 47. What is the tens digit of g?
9
Suppose -4*o - 18*o - 4796 = 0. Let r = 437 + o. What is the units digit of r?
9
Suppose 9*g = 28536 + 60105. What is the hundreds digit of g?
8
Let p(l) = 237*l**2 - 29*l + 8. What is the units digit of p(-4)?
6
Let b be 3/(-12) + 39/12. Let d(t) = -110 + 138 - b*t - t. What is the units digit of d(-22)?
6
What is the units digit of -18920*(-3 + (384/40)/16)?
8
Let c be (-3*1/(-9))/(8/120). Suppose 5*l - 609 = l + 5*b, c*l - 2*b = 740. What is the hundreds digit of l?
1
Let l(w) = -w**3 + 37*w**2 + 35*w - 487. What is the thousands digit of l(28)?
7
Let x = -193 - -194. What is the tens digit of x + 319 - (-18)/(-6)?
1
Let a(y) = -52 + y + 45 - 5*y. Let x be a(-2). What is the units digit of (74 + -2)/1 - (-1 + x)?
2
What is the units digit of ((-32204)/582)/((-6)/603 + 0)?
1
Let r(u) = 3*u - 2. Let s be r(2). Let z be s/24 - (-662)/(-12). What is the units digit of z/(-6) + (-1)/6?
9
Let p(g) = 91*g - 3. Let y be p(3). Let b = -243 + 101. Let h = y + b. What is the units digit of h?
8
Let z(b) = -6*b + 96. Let w be z(17). Let r(g) = -g**3 + g**2 - 16*g - 15. What is the hundreds digit of r(w)?
3
Let h be (385/(-231))/(10/(-4356)). Suppose 0 = 7*y - y - h. What is the tens digit of y?
2
What is the thousands digit of 348/(-232)*(168532/(-6))/1?
2
Suppose -3184 - 236261 = -5*o + 5*l, 4*o + l = 191536. What is the ten thousands digit of o?
4
Suppose -5*y - 50 = -5*z, 2*z + 24 = 5*z - y. Suppose -12*n + 5 = -z*n. What is the tens digit of (-9)/(n + 2) + 15?
1
Let n = -84 + -1. Let g = -83 - n. Suppose w = 2*j + 23, 7*w - 77 = 4*w - g*j. What is the tens digit of w?
2
Let s = 33 - 50. Let x = 412 - s. Suppose 5*z - 921 = 2*q, 3*q = -3*z + 132 + x. What is the units digit of z?
5
Suppose 4*c - 3*p - 28 = 0, 0 = c - p - 4 - 3. Let f be c*((-96)/(-28))/6. Suppose 0 = -4*t + a + 231, 0 = -4*t - f*a + 2*a + 234. What is the tens digit of t?
5
Suppose -6 = -g, -10*j + 12*j - 4*g = 7998. What is the thousands digit of j?
4
Let q be 6 - (-11)/(-1) - -180. Let z = q + -86. What is the tens digit of z?
8
Let g(q) = -q**2 - 3*q + 2140. Let d be g(0). What is the units digit of (-12)/28 + d/28?
6
Suppose 0 = -11*k - 138 - 1831. Let y(m) = -49*m**2 - 3*m + 4. Let d be y(3). Let c = k - d. What is the units digit of c?
7
Let g(s) = -32*s - 33. Let a(k) = k**2 - 13*k + 21. Let n be a(9). What is the tens digit of g(n)?
4
Suppose -3*f + 52770 = 5*p - 1768, 16 = -4*f. What is the units digit of p?
0
Let g be (-69)/(-9) + (-6)/9. Let n(j) = -j**2 + 7*j + 3. Let x be n(g). Suppose 4*a = f - x*f + 90, -5*a = -2*f - 117. What is the units digit of a?
3
Let c(x) = 53*x + 1560. What is the units digit of c(-27)?
9
Let q = -21 + 21. Suppose 12*g = -q*g - 768. Let l = g - -161. What is the tens digit of l?
9
Let p(r) = 53 + 2*r + 28 - 51. What is the units digit of p(23)?
6
Let q(z) = 2*z + 18. Let j be q(-8). Let i(w) = -j - 5*w**3 - 6*w**3 - 2 + 5. What is the tens digit of i(-1)?
1
What is the units digit of (-175896)/(-98)*70/40*2?
2
What is the hundreds digit of (360/(-126))/(-10) - (-55221)/7?
8
What is the units digit of (3 + (-28)/8)/(1489148/212736 - 7)?
2
Suppose 4*v - 8 = -0. Let s(f) = 2*f**2 - 24*f + 44. Let q be s(10). Suppose j - q*i = 5*j - 624, 10 = -v*i. What is the hundreds digit of j?
1
Let b = -840 + 1386. Suppose -5*c - b = -19*c. Let p = c - -1. What is the units digit of p?
0
Suppose 2625 = 32*p - 27*p. Suppose 4*u - 5*o - 3492 = 0, 0*u - u + 876 = -2*o. Suppose 3*v - p = -3*k, -2*k - u = -4*v - 144. What is the units digit of v?
9
Let n(y) = -y**3 - 54*y**2 - 1309*y + 140. What is the thousands digit of n(-42)?
3
Suppose -2*j + 732 = 2*q, -4*q + 590 = 2*j - 136. Let w be (312/(-18))/(4/30). Let d = j + w. What is the tens digit of d?
3
Suppose -10 - 33 = u + 4*s, 2*u = 4*s - 26. Let a = u + 35. Suppose -967 = -a*b + 725. What is the units digit of b?
1
Let p(k) = k**3 + 16*k**2 - 19*k + 6. Let c be 5 + (-14)/(5/5). Let h be p(c). Suppose -11*